{"id":93,"date":"2013-09-07T12:19:59","date_gmt":"2013-09-07T12:19:59","guid":{"rendered":"http:\/\/wp.wunderkinder.de\/?page_id=93"},"modified":"2021-11-23T19:42:18","modified_gmt":"2021-11-23T17:42:18","slug":"wir-uber-uns","status":"publish","type":"page","link":"https:\/\/wunderkinder.de\/?page_id=93","title":{"rendered":"Wir \u00fcber uns&#8230;"},"content":{"rendered":"<p>Das ist das LOGO\u00a0der <span style=\"font-weight: bold;\">Interessengemeinschaft HEINZ RUDOLF KUNZE<\/span><\/p>\n<h2><span style=\"font-weight: bold;\"> \"Die Wunderkinder\" <img loading=\"lazy\" decoding=\"async\" class=\"alignnone size-full wp-image-927\" src=\"https:\/\/wunderkinder.de\/wp-content\/uploads\/2018\/07\/cropped-wukis-Kopie.jpg\" alt=\"\" width=\"130\" height=\"70\" \/><\/span><\/h2>\n<p><img loading=\"lazy\" decoding=\"async\" class=\"size-medium wp-image-1292 alignleft\" src=\"https:\/\/wunderkinder.de\/wp-content\/uploads\/2021\/11\/flyerwuki96-219x300.jpg\" alt=\"\" width=\"219\" height=\"300\" srcset=\"https:\/\/wunderkinder.de\/wp-content\/uploads\/2021\/11\/flyerwuki96-219x300.jpg 219w, https:\/\/wunderkinder.de\/wp-content\/uploads\/2021\/11\/flyerwuki96.jpg 484w\" sizes=\"auto, (max-width: 219px) 100vw, 219px\" \/>die Aufkl\u00e4rung geht weiter...<br \/>\nmit nebenstehendem Flyer gingen wir <span style=\"font-weight: bold;\">1996<\/span> w\u00e4hrend der \"nach oben offenen (RICHTER-SKALA)-Tour an die \u00d6ffentlichkeit.<\/p>\n<p>Zu Beginn der Achtzigerjahre, es war die vor \u201eDein ist mein ganzes Herz Zeit\u201c war der KUNZE Fan froh nicht mit der NDW (Neue Deutsche Welle) mitschwimmen zu m\u00fcssen, obwohl HEINZ letztlich den ersten Plattenvertrag der NDW zu verdanken hat. Musik h\u00f6ren war damals wohl auch h\u00e4ufig mit einer gewissen politischen \u00dcberzeugung oder Lebensphilosophie verbunden. Diese Klientel wurde von HEINZ bedient und \u201ealle waren zun\u00e4chst zufrieden\u201c. Wir glaubten HEINZ Ziele oder Anspr\u00fcche an sein Tun waren auch damals schon eher anderer Natur. \u00c4hnlich wie Hanns Dieter H\u00fcsch wurde auch ihm diese \u201eEntpolitisierung\u201c seiner Texte und Lieder von nicht wenigen Uraltfans \u00fcbel genommen. Man wollte den politischen Liedermacher KUNZE, und war wohl gerne Pessimistisch und gegen das Establishment und suhlte sich in seinem Problemweltbewusstsein ohne Hoffnung auf wirkliche Ver\u00e4nderung. \u201eHuch, ich h\u00e4tte mich beinahe Rhythmisch bewegt\u201c ist ein Zitat aus dieser Zeit oder \u201eKunze h\u00f6ren macht einsam\u201c. Damals fragten wir uns die wir immer in erster, zweiter Reihe bei Konzerten auftauchten, ob das wirklich so ist und vor allem warum? Mit dem Hit \u201eDein ist mein ganzes Herz\u201c teilweise schon bei \u201eLola\u201c wurde das schlagartig anders. HEINZ hatte sicher zun\u00e4chst auch ein Problem mit dieser \u201eso\u201c nicht gewollten Popularit\u00e4t. Jetzt entstand aber ein neues Problem in Fankreisen, denn tiefe Gr\u00e4ben zwischen der Fraktion Deutschrockbereich und Kunze`s Liedermacherfans taten sich auf.<\/p>\n<p>Die Gr\u00fcndung der Wunderkinder war zun\u00e4chst mehr aus gewissen Defiziten in der damals noch recht schlechten Information \u00fcber Daten und Fakten begr\u00fcndet, als in der vollen Absicht einen Fanclub ins Leben zu rufen. Um \u00fcber HEINZ mehr Hintergrund zu erfahren musste bis dahin jeder einzelne Fan mit viel Geduld und viel Charme das damalige Management ansprechen. Anfang der 90-iger liefen dann nach bzw. vor Auftritten die ersten zarten Versuche eine Interessengemeinschaft zu gr\u00fcnden. Um die vor \u201eHERZ-J\u00fcnger\u201c nicht zu \u00fcberfordern, wurde mit Absicht das Wort Fanclub vermieden. Es wurden Telefonnummern, Adressen etc. ausgetauscht und auf einem 386PC in einer Excel-Datei festgehalten. Wenn jetzt ein verschobener Konzerttermin in Berlin bekannt wurde, konnte via Telefonkette reagiert werden. Juni 1994 nach Ende der \u201eMacht Musik-Tour\u201c und im kleinen Kreis tauchte der Gedanke auf doch zu versuchen diese lose Verbindung der Kunze Anh\u00e4nger bundesweit zu installieren und die aktuellen Informationen, Daten und Fakten f\u00fcr Fan\u00b4s aufzubereiten. Wir schrieben einen Brief an die Firma Eikelberg (damalige Management) und boten unsere Dienste an. Zun\u00e4chst geschah nichts. \u00dcber einen Anruf beim Merchandisingunternehmen Sunburst, das bis dahin ganz untypisch f\u00fcr KUNZE, im \u201eRichter Skala\u201c-Booklett T-Shirts etc. anbot und Reklame machte, lernten wir einen langj\u00e4hrigen Freund von HEINZ in Osnabr\u00fcck kennen. Dieser Freund \u00f6ffnete uns den Weg in die Wedemark, da er zum einen von unserem Engagement ganz angetan war und sicher auch aus ganz gesch\u00e4ftsm\u00e4\u00dfigen Gr\u00fcnden. HEINZ hat von alledem wohl nichts mitbekommen. Es kam zu einer Einladung in die Wedemark. HEINZ war wohl ein wenig \u00fcberrascht, dass man ihm einen Fanclub aufgeschwatzt hatte. Nachdem die Menschen sich aber als ganz umg\u00e4nglich und nicht als pubertierende Schreih\u00e4lse zeigten, war er sichtlich ger\u00fchrt.<\/p>\n<p>\u201eEndlich erf\u00e4hrt man mal ein bisschen mehr von HEINZ\u201c.<br \/>\nNun hatten wir es angeleiert und mussten es durchziehen.<\/p>\n<p>Im April 1997 gingen einige Wunderkinder der Berliner Fraktion, informiert durch die Wunderkindertelefonkette, nach Ende einer ZDF-Show bei Dieter-Thomas-Heck ins Hotel \u201eSchweizer Hof\u201c. U.a. Gerald Erdmann, Jessica Erdmann Philipp K\u00f6per, Titus Reinmuth, Sven Walther wurden dort Zeuge eines unplugged Konzerts f\u00fcr \"Aktion Sorgenkind\" und f\u00fchrten erste Gespr\u00e4che mit Heiner L\u00fcrig \u00fcber die \u201eoffizielle Heinz Rudolf Kunze Homepage\u201c, die dann 1999 auf Sendung ging. So sind heute noch Wunderkinder die Macher dieser Seite. Das Fan\u00b4s so etwas besser k\u00f6nnen als beauftragte Firmen, wird immer wieder durch positive Meinungen dokumentiert: \u201eEine absolut brillante Webseite, die im Netz ihresgleichen sucht.\u201c<\/p>\n<p>Wichtig ist uns noch die Anmerkung, dass trotz intensiver Bem\u00fchungen, nach wie vor die beiden Fraktionen der \u201evor Herz-\u201c und \u201enach Herz-Fans\u201c existierten. Wir hoffen, die zum Teil tiefen Gr\u00e4ben zwischen den Gruppen sind von uns ein wenig zugesch\u00fcttet worden. Heute darf man tanzen bei einem Kunze Auftritt und das ist gut so. HEINZ kann sich als vermeindlicher FDP-W\u00e4hler outen und das ist gut so. HEINZ kann (angeblich) konservative Meinungen \u00e4u\u00dfern und das ist gut so. HEINZ kann sich mal mit einem Menschen unterhalten und braucht nicht immer das Gef\u00fchl zu haben auf dem intellektuellen Pr\u00fcfstand zu sein und das ist gut so. Er darf und will geliebt werden, aber auch nicht um jeden Preis verstanden werden und das ist gut so.<\/p>\n<p><span style=\"font-weight: bold;\">Die Wunderkinder sind zwischenzeitlich innerhalb der Kunze Fan\u00b4s eine bekannte Institution geworden. Das man aber nicht \u201eWunderkind\u201c sein muss, um echter \u201eKunze`ist\u201c zu sein, war uns immer wichtig. Wir haben uns immer bem\u00fcht \u201edie Wunderkinder\u201c nicht als Besonders oder als Auszeichnung zu begreifen. <\/span><\/p>\n<p>Ob man HEINZ nun mag oder nicht, er ist nach wie vor wohl einer der vielseitigsten und gleichzeitig umstrittensten Figuren der deutschen Kulturszene. Einer der wenigen, der nicht durch Skandale auf sich aufmerksam macht, sondern einzig und allein durch sein Schaffen. Er ist der Alchimist, der die Elemente Sprache und Musik auf immer neue Art und Weise miteinander verbindet. Und gewagte Experimente geh\u00f6ren f\u00fcr ihn durchaus dazu. Seine fr\u00fchen Werke wurden noch in die Kategorie Liedermacher einsortiert, doch sein Stil ist so \u00fcberzeugend literarisch gepr\u00e4gt, dass man ihm ein ganz eigenes Genre widmen m\u00fcsste. HEINZ sagt, was er denkt und f\u00fchlt und kleidet es in Worte, oft doppeldeutig, den H\u00f6rer stutzig machend. Ein wahrhaft \u201cvielsagender\u201d K\u00fcnstler.<\/p>\n<p>Wir sind immer noch der Meinung und bekommen das vom K\u00fcnstler best\u00e4tigt, da\u00df HEINZ nicht ein POP-gestylter Paradiesvogel mit einer geringen Halbwertzeit (One-Hit-Wonder) und buntem Hochglanz-Outfit ist und sein will. Diese sicherlich notwendige Seite des K\u00fcnstlers Heinz Rudolf Kunze, der im \u00f6ffentlichen Leben steht und in den Medien sein Brot verdienen mu\u00df, sollen und k\u00f6nnen andere Medienprofis vermarkten und umsetzen.<\/p>\n<p>Unsere Aufgabe sehen wir im vermitteln von Kontakten und Unterst\u00fctzen des manchmal schwierig erscheinenden, gemeinsamen \u201eBegeistertsein f\u00fcr HEINZ RUDOLF KUNZE\u201c und all seinen verschiedenen Facetten k\u00fcnstlerischer Ausdrucksformen. Wir werden eben diesen, uns zugedachten Part vor allem mit viel Wuki typischer Begeisterungsf\u00e4higkeit, Enthusiasmus und Spa\u00df an der Sache spielen. Die vielen lieben und netten Briefe, Karten, Faxe, Emails und Anrufe sind uns Ansporn genug unseren HEINZ weiter zu durchleuchten. Durchaus auch mal kritisch und sicher von pers\u00f6nlichen, individuellen Gedanken und Meinungen getragen, aber die Gedanken sind eben \u201eFrei\u201c. Wir bieten ein breites Meinungsforum f\u00fcr alle Kunze-Fans, weil man bei uns eben auch die Dinge einmal kontrovers sehen und diskutieren darf. Denn schlie\u00dflich steht auch HEINZ daf\u00fcr ein, die Dinge stets kontrovers zu sehen und auch zu denken und sich nicht nur herrschenden Mainstream-Meinungen anzupassen.<\/p>\n<p>Alles wird gemacht von Wukis f\u00fcr Wukis, weil wir eben den Charme eines unabh\u00e4ngigen Fan-Clubs besitzen und auch behalten wollen. Es gibt also viele gute Gr\u00fcnde Wunderkind zu bleiben, zu sein oder zu werden, denn wir bieten Euch die uneingeschr\u00e4nkte Chance \u201edas Gesamtkunstwerk Kunze\u201c mit uns gemeinsam zu beleuchten und wandeln auf den Spuren gro\u00dfer Kunze-Wegbegleiter und Entdecker.<\/p>\n<p>(kalle)<\/p>\n","protected":false},"excerpt":{"rendered":"<p>Das ist das LOGO\u00a0der Interessengemeinschaft HEINZ RUDOLF KUNZE \"Die Wunderkinder\" die Aufkl\u00e4rung geht weiter... mit nebenstehendem Flyer gingen wir 1996 w\u00e4hrend der \"nach oben offenen (RICHTER-SKALA)-Tour an die \u00d6ffentlichkeit. Zu Beginn der Achtzigerjahre, es war die vor \u201eDein ist mein ganzes Herz Zeit\u201c war der KUNZE Fan froh nicht mit der NDW (Neue Deutsche Welle) <a href=\"https:\/\/wunderkinder.de\/?page_id=93\" class=\"more-link\">...weiterlesen<span class=\"screen-reader-text\"> \"Wir \u00fcber uns&#8230;\"<\/span><\/a><\/p>\n","protected":false},"author":4,"featured_media":0,"parent":0,"menu_order":0,"comment_status":"open","ping_status":"open","template":"","meta":{"footnotes":""},"class_list":["post-93","page","type-page","status-publish","h-entry","hentry","h-as-page"],"_links":{"self":[{"href":"https:\/\/wunderkinder.de\/index.php?rest_route=\/wp\/v2\/pages\/93","targetHints":{"allow":["GET"]}}],"collection":[{"href":"https:\/\/wunderkinder.de\/index.php?rest_route=\/wp\/v2\/pages"}],"about":[{"href":"https:\/\/wunderkinder.de\/index.php?rest_route=\/wp\/v2\/types\/page"}],"author":[{"embeddable":true,"href":"https:\/\/wunderkinder.de\/index.php?rest_route=\/wp\/v2\/users\/4"}],"replies":[{"embeddable":true,"href":"https:\/\/wunderkinder.de\/index.php?rest_route=%2Fwp%2Fv2%2Fcomments&post=93"}],"version-history":[{"count":2,"href":"https:\/\/wunderkinder.de\/index.php?rest_route=\/wp\/v2\/pages\/93\/revisions"}],"predecessor-version":[{"id":1293,"href":"https:\/\/wunderkinder.de\/index.php?rest_route=\/wp\/v2\/pages\/93\/revisions\/1293"}],"wp:attachment":[{"href":"https:\/\/wunderkinder.de\/index.php?rest_route=%2Fwp%2Fv2%2Fmedia&parent=93"}],"curies":[{"name":"wp","href":"https:\/\/api.w.org\/{rel}","templated":true}]}}